{"id":12582,"date":"2022-01-27T20:22:09","date_gmt":"2022-01-27T23:22:09","guid":{"rendered":"https:\/\/avicoladovale.com.br\/granja\/?page_id=12582"},"modified":"2023-08-15T12:49:43","modified_gmt":"2023-08-15T15:49:43","slug":"politica-de-privacidade","status":"publish","type":"page","link":"https:\/\/avicoladovale.com.br\/granja\/politica-de-privacidade\/","title":{"rendered":"Politica de Privacidade"},"content":{"rendered":"<p>[vc_row row_type=&#8221;2&#8243; blox_image=&#8221;11252&#8243; align_center=&#8221;aligncenter&#8221; page_title=&#8221;page-title-x&#8221; blox_dark=&#8221;true&#8221; row_pattern=&#8221;max-pat2&#8243;][vc_column css=&#8221;.vc_custom_1548359260240{margin-bottom: -13px !important;}&#8221;]<hr class=\"vertical-space2\">[vc_column_text]<\/p>\n<h2 style=\"text-align: left;\"><span style=\"color: #ffffff;\"><strong>POLITICA DE PRIVACIDADE<\/strong><\/span><\/h2>\n<p>[\/vc_column_text]<hr class=\"vertical-space2\">[\/vc_column][\/vc_row][vc_row][vc_column css=&#8221;.vc_custom_1455626063305{margin-top: -8px !important;margin-bottom: -22px !important;}&#8221;]<hr class=\"vertical-space4\">[vc_column_text]<\/p>\n<h5><span style=\"color: #333333;\"><em>Atualizado em 05 de Janeiro de 2022.\u00a0<\/em><\/span><\/h5>\n<p>&nbsp;<\/p>\n<h5><span style=\"color: #333333;\">Ao utilizar nosso site e ou fornecer qualquer informa\u00e7\u00e3o pessoal, voc\u00ea concorda com nossa pol\u00edtica de privacidade abaixo que est\u00e1 em conformidade com todas as leis regulamentas sobre dados pessoais: Lei Federal N. 13.709\/2018 (Lei Geral de Prote\u00e7\u00e3o de Dados Pessoais \u2013 LGPD).<\/span><\/h5>\n<p>&nbsp;<\/p>\n<h5><span style=\"color: #333333;\"><strong>Dados e privacidade.<\/strong><\/span><\/h5>\n<h5><span style=\"color: #333333;\">N\u00f3s protegemos os seus dados e respeitamos sua privacidade. Esta Pol\u00edtica mostra os procedimentos utilizados por nosso site para processar qualquer informa\u00e7\u00e3o pessoal coletada por n\u00f3s ou fornecida por voc\u00ea que possa te identificar. Quando voc\u00ea visita o nosso site, algumas informa\u00e7\u00f5es pessoais b\u00e1sicas s\u00e3o mantidas no nosso banco de dados. Reconhecemos a import\u00e2ncia de manter essas informa\u00e7\u00f5es seguras e de inform\u00e1-lo sobre como elas ser\u00e3o utilizadas. Voc\u00ea pode escolher se vai ou n\u00e3o fornecer informa\u00e7\u00f5es pessoais, ciente de que alguns servi\u00e7os n\u00e3o poder\u00e3o ser prestados caso tais informa\u00e7\u00f5es n\u00e3o sejam fornecidas. Nesta Pol\u00edtica, o termo \u201cdados pessoais\u201d se refere a informa\u00e7\u00f5es como o seu nome, e-mail, endere\u00e7o, telefone ou qualquer outra informa\u00e7\u00e3o utilizada para identificar voc\u00ea.<\/span><\/h5>\n<p>&nbsp;<\/p>\n<h5><span style=\"color: #333333;\"><strong>Informa\u00e7\u00f5es sobre o Controlador dos dados.<\/strong><\/span><\/h5>\n<h5><span style=\"color: #333333;\">Este site: <a style=\"color: #333333;\" href=\"http:\/\/www.avicoladovale.com.br\">www.avicoladovale.com.br<\/a>, \u00a0pertence \u00e0 Granja Av\u00edcola do Vale, com endere\u00e7o na Fazenda Pacheco, S\/N, Zona Rural, Sapea\u00e7u\u2013 BA, inscrita no CNPJ sob n\u00ba 23.934.918\/0002-94.<\/span><\/h5>\n<h5><span style=\"color: #333333;\">Nosso site : <a style=\"color: #333333;\" href=\"http:\/\/www.avicoladovale.com.br\">www.avicoladovale.com.br<\/a> \u00e9 gerenciado pela Ag\u00eancia: Sevenmax M\u00eddia e Tecnologia Digital, inscrita no CNPJ sob n\u00ba 05.603.227\/0001-45.<\/span><\/h5>\n<h5><span style=\"color: #333333;\">Se voc\u00ea decidir de forma volunt\u00e1ria fornecer seus dados pessoais em algum dos formul\u00e1rios disponibilizados, voc\u00ea estar\u00e1 concordando com esta Pol\u00edtica. Tamb\u00e9m estar\u00e1 de acordo com o armazenamento de suas informa\u00e7\u00f5es em servidores f\u00edsicos com espelhamento em nuvem e com a coleta, processamento, transfer\u00eancia e armazenamento de seus dados pessoais, conforme necess\u00e1rio para processar a a\u00e7\u00e3o que voc\u00ea realizou, pela Granja Av\u00edcola do Vale e os operadores que a auxiliam na execu\u00e7\u00e3o de algumas das atividades para as quais voc\u00ea forneceu seus dados.<\/span><\/h5>\n<p>&nbsp;<\/p>\n<h5><span style=\"color: #333333;\"><strong>Seguran\u00e7a das informa\u00e7\u00f5es e confidencialidade.<\/strong><\/span><\/h5>\n<h5><span style=\"color: #333333;\">Todos os processadores de dados pessoais e quaisquer terceiros que utilizemos para processar seus dados pessoais s\u00e3o obrigados a respeitar a confidencialidade de suas informa\u00e7\u00f5es. Seus dados pessoais ser\u00e3o mantidos apenas pelo tempo necess\u00e1rio para cumprir os objetivos pelos quais foram coletadas ou qualquer obriga\u00e7\u00e3o legal ou norma referente \u00e0 reten\u00e7\u00e3o de dados pessoais.<\/span><\/h5>\n<p>&nbsp;<\/p>\n<h5><span style=\"color: #333333;\"><strong>Servi\u00e7os de terceiros.<\/strong><\/span><\/h5>\n<h5><span style=\"color: #333333;\">Este site pode conter links para sites de terceiros ou formul\u00e1rios direcionados a terceiros para obten\u00e7\u00e3o de informa\u00e7\u00f5es necess\u00e1rias. Um site de terceiros tem uma apar\u00eancia diferente, e a barra de endere\u00e7o do seu navegador tamb\u00e9m muda. Al\u00e9m disso, dependendo da solicita\u00e7\u00e3o que voc\u00ea fizer por esse site, voc\u00ea poder\u00e1 receber e-mails ou mensagens de texto do terceiro com as informa\u00e7\u00f5es solicitadas e notifica\u00e7\u00f5es das atividades sobre as quais voc\u00ea solicitou informa\u00e7\u00f5es.<\/span><\/h5>\n<h5><span style=\"color: #333333;\">Por este motivo, o uso de aplicativos e servi\u00e7os de terceiros no site da Granja Av\u00edcola do Vale est\u00e1 sujeito aos atuais termos de servi\u00e7o e condi\u00e7\u00f5es gerais definidos pelos terceiros. N\u00f3s n\u00e3o somos informados sobre essas atualiza\u00e7\u00f5es, portanto, por favor, revise os termos antes de utilizar um servi\u00e7o de terceiros neste site. Se voc\u00ea tiver alguma d\u00favida sobre a pol\u00edtica de um servi\u00e7o de terceiros, leia a pol\u00edtica de privacidade em seu site.<\/span><\/h5>\n<h5><span style=\"color: #333333;\">O uso dos servi\u00e7os do Google Maps neste site est\u00e1 sujeito \u00e0 atual\u00a0<a style=\"color: #333333;\" href=\"https:\/\/policies.google.com\/privacy\">Pol\u00edtica de Privacidade do Google<\/a>. N\u00e3o podemos controlar os aplicativos, programa\u00e7\u00e3o e\u00a0<a style=\"color: #333333;\" href=\"https:\/\/policies.google.com\/terms\">Termos de Servi\u00e7o<\/a>\u00a0do Google. Por isso, quando voc\u00ea utilizar os servi\u00e7os do Google Maps neste site voc\u00ea est\u00e1 sujeito aos atuais\u00a0<a style=\"color: #333333;\" href=\"https:\/\/maps.google.com\/help\/terms_maps\/\">Termos Adicionais de Servi\u00e7o do Google Maps\/Google Earth<\/a>. N\u00f3s n\u00e3o somos informados sobre as atualiza\u00e7\u00f5es desses termos, portanto, por favor, revise esses termos antes de utilizar os servi\u00e7os do Google Maps. N\u00e3o utilize o Google Maps caso n\u00e3o aceite os termos de servi\u00e7o estabelecidos por eles.<\/span><\/h5>\n<p>&nbsp;<\/p>\n<h5><span style=\"color: #333333;\"><strong>Notifica\u00e7\u00f5es sobre altera\u00e7\u00f5es nesta Pol\u00edtica.<\/strong><\/span><\/h5>\n<h5><span style=\"color: #333333;\">Estamos sempre aprimorando e acrescentando novos recursos, ferramentas e servi\u00e7os ao nosso site. Por causa dessas constantes mudan\u00e7as, e de mudan\u00e7as nas leis e na pr\u00f3pria tecnologia, nosso uso de informa\u00e7\u00f5es pode mudar de tempos em tempos. Quando uma mudan\u00e7a na nossa Pol\u00edtica \u00e9 necess\u00e1ria, qualquer altera\u00e7\u00e3o realizada \u00e9 postada nesta p\u00e1gina para que voc\u00ea esteja ciente de que informa\u00e7\u00f5es coletamos e como as usamos.<\/span><\/h5>\n<p>&nbsp;<\/p>\n<h5><span style=\"color: #333333;\"><strong>Cookies.<\/strong><\/span><\/h5>\n<h5><span style=\"color: #333333;\"><em>Cookies\u00a0<\/em>s\u00e3o programas ou dados enviados pelo nosso site para o navegador utilizado pelo cliente para que ele e suas prefer\u00eancias sejam reconhecidos em seu pr\u00f3ximo acesso ao site, garantindo uma melhor experi\u00eancia e recursos personalizados.<\/span><\/h5>\n<h5><span style=\"color: #333333;\">Os principais navegadores de internet permitem o gerenciamento da utiliza\u00e7\u00e3o de\u00a0<em>cookies<\/em>, sendo poss\u00edvel desabilit\u00e1-los seguindo os procedimentos informados pelos respectivos criadores de cada navegador nos seguintes endere\u00e7os:<\/span><\/h5>\n<h5><span style=\"color: #333333;\">&#8211; Google Chrome:\u00a0<a style=\"color: #333333;\" href=\"https:\/\/support.google.com\/chrome\/answer\/95647?hl=pt-BR\">(https:\/\/support.google.com\/chrome\/answer\/95647?hl=pt-BR)<\/a><\/span><\/h5>\n<h5><span style=\"color: #333333;\">&#8211;\u00a0 Internet Explorer:\u00a0<a style=\"color: #333333;\" href=\"http:\/\/windows.microsoft.com\/pt-br\/internet-explorer\/delete-manage-cookies#ie=ie-11\">(http:\/\/windows.microsoft.com\/pt-br\/internet-explorer\/delete-manage-cookies#ie=ie-11)<\/a><\/span><\/h5>\n<h5><span style=\"color: #333333;\">&#8211;\u00a0 Firefox:\u00a0<a style=\"color: #333333;\" href=\"https:\/\/support.mozilla.org\/pt-BR\/kb\/ativando-e-desativando-cookies\">(https:\/\/support.mozilla.org\/pt-BR\/kb\/ativando-e-desativando-cookies)<\/a><\/span><\/h5>\n<h5><span style=\"color: #333333;\">&#8211;\u00a0 Safari:\u00a0<a style=\"color: #333333;\" href=\"http:\/\/safari.helpmax.net\/ps\/privacidade-e-seguranca\/como-remover-cookies\/\">(http:\/\/safari.helpmax.net\/ps\/privacidade-e-seguranca\/como-remover-cookies\/)<\/a><\/span><\/h5>\n<h5><span style=\"color: #333333;\">&#8211;\u00a0 Opera:\u00a0<a style=\"color: #333333;\" href=\"http:\/\/help.opera.com\/Windows\/10.20\/pt\/history.html\">(http:\/\/help.opera.com\/Windows\/10.20\/pt\/history.html)<\/a> \u00a0<\/span><\/h5>\n<h5><\/h5>\n<p>&nbsp;<\/p>\n<h5><span style=\"color: #333333;\"><strong>Central de atendimento.<\/strong><\/span><\/h5>\n<h5><span style=\"color: #333333;\">Caso reste alguma d\u00favida sobre esta Pol\u00edtica de privacidade ou sobre o uso de seus dados, entre em contato com nossa Central de Atendimento.<\/span><\/h5>\n<h5><span style=\"color: #333333;\"><a style=\"color: #333333;\" href=\"mailto:contato@avicoladovale.com.br\">contato@avicoladovale.com.br<\/a><\/span><\/h5>\n<h5><span style=\"color: #333333;\">(75) 3621-1023<\/span><\/h5>\n<h5><span style=\"font-style: inherit; font-weight: var( --e-global-typography-text-font-weight ); color: #333333;\">(75) 98102-6560<\/span><\/h5>\n<h5><\/h5>\n<p>[\/vc_column_text]<hr class=\"vertical-space1\">[vc_separator style=&#8221;shadow&#8221; border_width=&#8221;3&#8243;][\/vc_column][\/vc_row]<\/p>\n","protected":false},"excerpt":{"rendered":"<p>[vc_row row_type=&#8221;2&#8243; blox_image=&#8221;11252&#8243; align_center=&#8221;aligncenter&#8221; page_title=&#8221;page-title-x&#8221; blox_dark=&#8221;true&#8221; row_pattern=&#8221;max-pat2&#8243;][vc_column css=&#8221;.vc_custom_1548359260240{margin-bottom: -13px !important;}&#8221;][vc_column_text] POLITICA DE PRIVACIDADE [\/vc_column_text][\/vc_column][\/vc_row][vc_row][vc_column css=&#8221;.vc_custom_1455626063305{margin-top: -8px !important;margin-bottom: -22px !important;}&#8221;][vc_column_text] Atualizado em 05 de Janeiro de 2022.\u00a0 &nbsp; Ao utilizar nosso site e ou fornecer qualquer informa\u00e7\u00e3o pessoal, voc\u00ea concorda com nossa pol\u00edtica de privacidade abaixo que est\u00e1 em conformidade com todas as leis regulamentas sobre dados pessoais: Lei Federal N. 13.709\/2018 (Lei Geral de Prote\u00e7\u00e3o de Dados Pessoais \u2013 LGPD). &nbsp; Dados e privacidade. N\u00f3s protegemos os seus dados e respeitamos sua privacidade. Esta Pol\u00edtica mostra os procedimentos utilizados por nosso site para processar qualquer informa\u00e7\u00e3o pessoal coletada por n\u00f3s ou fornecida por voc\u00ea que possa te identificar. Quando voc\u00ea visita o nosso site, algumas informa\u00e7\u00f5es pessoais b\u00e1sicas s\u00e3o mantidas no nosso banco de dados. Reconhecemos a import\u00e2ncia de manter essas informa\u00e7\u00f5es seguras e de inform\u00e1-lo sobre como elas ser\u00e3o utilizadas. Voc\u00ea pode escolher se vai ou n\u00e3o fornecer informa\u00e7\u00f5es pessoais, ciente de que alguns servi\u00e7os n\u00e3o poder\u00e3o ser prestados caso tais informa\u00e7\u00f5es n\u00e3o sejam fornecidas. Nesta Pol\u00edtica, o termo \u201cdados pessoais\u201d se refere a informa\u00e7\u00f5es como o seu nome, e-mail, endere\u00e7o, telefone ou qualquer outra informa\u00e7\u00e3o utilizada para identificar voc\u00ea. &nbsp; Informa\u00e7\u00f5es sobre o Controlador dos dados. Este site: www.avicoladovale.com.br, \u00a0pertence \u00e0 Granja Av\u00edcola do Vale, com endere\u00e7o na Fazenda Pacheco, S\/N, Zona Rural, Sapea\u00e7u\u2013 BA, inscrita no CNPJ sob n\u00ba 23.934.918\/0002-94. Nosso site : www.avicoladovale.com.br \u00e9 gerenciado pela Ag\u00eancia: Sevenmax M\u00eddia e Tecnologia Digital, inscrita no CNPJ sob n\u00ba 05.603.227\/0001-45. Se voc\u00ea decidir de forma volunt\u00e1ria fornecer seus dados pessoais em algum dos formul\u00e1rios disponibilizados, voc\u00ea estar\u00e1 concordando com esta Pol\u00edtica. Tamb\u00e9m estar\u00e1 de acordo com o armazenamento de suas informa\u00e7\u00f5es em servidores f\u00edsicos com espelhamento em nuvem e com a coleta, processamento, transfer\u00eancia e armazenamento de seus dados pessoais, conforme necess\u00e1rio para processar a a\u00e7\u00e3o que voc\u00ea&#8230; <\/p>\n<p><a class=\"readmore\" href=\"https:\/\/avicoladovale.com.br\/granja\/politica-de-privacidade\/\">Leia Mais<\/a><\/p>\n","protected":false},"author":1,"featured_media":0,"parent":0,"menu_order":0,"comment_status":"closed","ping_status":"closed","template":"","meta":[],"_links":{"self":[{"href":"https:\/\/avicoladovale.com.br\/granja\/wp-json\/wp\/v2\/pages\/12582"}],"collection":[{"href":"https:\/\/avicoladovale.com.br\/granja\/wp-json\/wp\/v2\/pages"}],"about":[{"href":"https:\/\/avicoladovale.com.br\/granja\/wp-json\/wp\/v2\/types\/page"}],"author":[{"embeddable":true,"href":"https:\/\/avicoladovale.com.br\/granja\/wp-json\/wp\/v2\/users\/1"}],"replies":[{"embeddable":true,"href":"https:\/\/avicoladovale.com.br\/granja\/wp-json\/wp\/v2\/comments?post=12582"}],"version-history":[{"count":7,"href":"https:\/\/avicoladovale.com.br\/granja\/wp-json\/wp\/v2\/pages\/12582\/revisions"}],"predecessor-version":[{"id":12723,"href":"https:\/\/avicoladovale.com.br\/granja\/wp-json\/wp\/v2\/pages\/12582\/revisions\/12723"}],"wp:attachment":[{"href":"https:\/\/avicoladovale.com.br\/granja\/wp-json\/wp\/v2\/media?parent=12582"}],"curies":[{"name":"wp","href":"https:\/\/api.w.org\/{rel}","templated":true}]}}